e the first derivative of -29*m**2/2 - m - 40. Give d(1).
-30
Let g(c) = 62 + 60 - 181 - 3*c - c**2 + 56. Calculate g(-7).
-31
Let p(l) = -l**2 + l. Let c(z) = z**3 - 4*z**2 + 2. Let w(n) = c(n) + 3*p(n). Let d = -49 + 66. Suppose 0 = d*o + 8*o - 150. What is w(o)?
-16
Let q(m) be the first derivative of 2*m + 1/2*m**2 - 5 - 1/6*m**3. Let i(b) be the first derivative of q(b). What is i(-2)?
3
Let s(q) = -4*q - 3. Suppose 0 = 4*o + 2*z + 3*z + 17, 2*o + 4*z = -10. Let u(x) = 9*x + 5. Let l(g) = o*u(g) - 5*s(g). Determine l(1).
-7
Let z(l) = -2*l + 6. Let u = 87 + -87. Give z(u).
6
Let i(p) be the second derivative of p**4/12 - 5*p**3/6 + 3*p**2/2 - 14*p - 22. What is i(4)?
-1
Let l(n) = -16*n**2 + n + 0*n**2 + 14*n**2. Determine l(-1).
-3
Let f(q) = 4*q**2 - 1 - 5*q + 6 - 3*q**2 - 3*q**2. Calculate f(-5).
-20
Suppose 21*p = 8*p + 39. Let m(b) be the first derivative of 5*b - 2*b**p + 0*b**2 - 1/4*b**4 + 3. Determine m(-6).
5
Let l(z) = -z**2 + 8*z - 8. Let k be l(6). Let m(y) = y**3 - y**2 - y - 2. Let n(r) = -r**3 - 5*r + 10. Let c(h) = 2*m(h) + n(h). Calculate c(k).
10
Let h(r) = 13*r + 1. Let c(w) = -3*w**2 - 13*w - 5. Let b be c(-4). Give h(b).
-12
Let u(s) = s - 1. Let l(v) = -9*v**2 - v + 105. Let b be l(0). Let h be b/70 - 13/2. Calculate u(h).
-6
Let u = 8 - 3. Let f(g) be the second derivative of g**3/6 - 7*g**2/2 + 15*g + 2. Calculate f(u).
-2
Let f(t) = t**2 + 1. Let a be 2*-6*25/20. Let b = a + 16. Determine f(b).
2
Let b(a) be the second derivative of 7/2*a**2 + 10*a - 1/3*a**3 + 0. Calculate b(5).
-3
Let s(k) = -8*k - 6. Let b(v) be the second derivative of -7*v**3/6 - 5*v**2/2 + 18*v. Let t(u) = 4*b(u) - 3*s(u). Let n = -6 - -4. Determine t(n).
6
Let f(l) = l**2 - l. Let z be f(2). Let k be ((-2)/4)/((-3)/(-6))*0. Let w(m) = -1 + k + z - 8 + m. Determine w(4).
-3
Let l(p) = -6*p**2 - 4*p + 3. Let d(t) = -6*t**2 - 3*t + 2. Let z(o) = -3*d(o) + 2*l(o). Suppose -4*b - 5 = -1. Determine z(b).
5
Let x be (-4)/2 + (0 - (3 + -8)). Let q(k) = 18*k**3 - 28*k**3 + 9*k**x - 5*k**2 - 3*k - 7. Determine q(-5).
8
Let w be 28*1/8*-10. Let h = w - -34. Let a(j) = -15*j**3 + 2*j + 1. Give a(h).
14
Let a(r) = r**3 + 2*r**2 - 4. Let z(f) = f**2 + 30*f + 159. Let q be z(-23). Give a(q).
-4
Let q(i) = i - 1. Let j(l) = 4*l - 1. Let x(u) = j(u) - 3*q(u). Let g(m) = -m**2 - 35*m + 347. Let t be g(-43). Calculate x(t).
5
Let h(w) = 4*w**2 - 3*w + 1. Let k(f) = f**2 + 1. Let b be (15/6)/(2/4). Let j(d) = b*k(d) - h(d). Let p be (-3)/5 + (-12)/5. Determine j(p).
4
Let b(a) = a**3 - 4*a**2 + 3*a + 2. Let u be b(3). Let x(q) = 5*q - 3*q - q - u + 0. Give x(-3).
-5
Let t(b) be the third derivative of 0*b + 0 + 1/8*b**4 - 11*b**2 + 1/6*b**3. Give t(-4).
-11
Let m(s) = -3*s**2 - 3*s + 5. Let x = -75 + 78. Calculate m(x).
-31
Let d(t) be the second derivative of -t**5/5 + t**3/6 - t**2 - t. Let z(f) be the first derivative of d(f). Suppose 1 = l + 4*y - 20, 5*l + 2*y = 15. Give z(l).
-11
Let q = -64 - -66. Let n(d) = -d - 9 + 6*d**q + d**2 - 8*d**2 + 11*d. Calculate n(9).
0
Let g(m) = -m**3 - 19*m**2 + 19*m - 10. Let c(j) = -j**3 - 2*j**2 + 26*j + 52. Let i be c(-4). Give g(i).
10
Let s(w) = 6*w - 2 + 3 - 2 - w**2 + 0*w**2 - 1. Calculate s(5).
3
Let b = 12 + -10. Let m(d) = -b*d - 1 + 0 + 4 + 4*d. Let v = 274 - 279. Calculate m(v).
-7
Let o(b) = 3*b + 1. Let h = -234 - -243. Let c(d) be the first derivative of d**2/2 - 11*d - 1. Let x be c(h). What is o(x)?
-5
Let y be (0 - (12 + -3))*(16 - 15). Let f(h) = h**3 + 9*h**2 + 3*h + 14. Determine f(y).
-13
Let w(c) = c + 2. Let u = 129 + -87. Let q = u - 45. What is w(q)?
-1
Let d(k) = 2. Let q(i) = 2*i**2 + 5*i - 7. Let r(n) = 5*d(n) + q(n). Give r(-3).
6
Let j(d) = 9*d**3 - d**2 + 1. Suppose 5*b = 6 + 24. Let x be (6/4)/(b/8). Let w(h) = h**3 - 3*h**2 + 3*h - 3. Let o be w(x). Give j(o).
-9
Suppose -3*m + 9 = -0. Let i(l) be the second derivative of -l**4/12 + l**3/3 + 3*l**2/2 + 10*l. Determine i(m).
0
Let q(r) = r**2 + r + 3. Let t(f) = f**2 - 7*f + 1. Let v be t(7). Let u(a) = -5*a + 25. Let n be u(5). Let j be n/1*v/(-1). Give q(j).
3
Let o(z) = -3*z - 6. Let v(h) = 7*h + 11. Let q(i) = -7*o(i) - 4*v(i). Let j = 200 - 136. Let a = j + -62. Give q(a).
-16
Suppose 4*h - 2*l = 6, 11 = 2*h - 5*l - 4. Let j(g) = g + 22. What is j(h)?
22
Let h(f) = -f - 7. Let m be 0/(((-3 + 2)/(-1))/(-1)). Calculate h(m).
-7
Let q(z) be the first derivative of -z**3/3 - 17*z**2/2 - 14*z + 69. What is q(-16)?
2
Suppose 2*o + o - 2*q - 9 = 0, 2*q = -o + 3. Let s(f) = -2 - 2*f + 1 + 3*f. Let i be s(o). Let x(j) = 8*j - 1. Calculate x(i).
15
Let s(d) be the third derivative of -d**6/120 + d**5/10 + 7*d**4/24 + 2*d**3/3 - 10*d**2 - 5*d. Let z(t) = -t**3 + t**2 + 4*t + 3. Let h be z(-2). Give s(h).
4
Let s(m) = -m**3 + 3*m**2 + 38*m + 28. Let f be s(8). Let y(u) = -2*u + 22. Determine y(f).
-2
Let c(p) = 5*p. Let w be c(-6). Let o = -8 - -33. Let v = w + o. Let r(b) = 2*b + 6. Calculate r(v).
-4
Suppose 0 = -2*h + 4 - 14. Let k(s) = s**3 + 4*s**2 - 7*s. Determine k(h).
10
Let l(f) = -1. Let g(s) = s + 4. Let j(d) = g(d) + 3*l(d). Let x be j(1). Let z(k) = 2 + 0*k**3 + k**3 + 6*k**2 - x. Determine z(-6).
0
Let j(y) = -6*y**3 + 6*y**2 + 5*y - 2. Let t be j(-1). Let b(h) = -h**3 + 4*h**2 + h + 2. Determine b(t).
-18
Suppose -v - 2*s = 10, 0 = -4*v - 5*s - 20 - 17. Let k(w) = -w**2 - 7*w - 7. Give k(v).
-15
Let q(j) = -7*j - 1. Suppose -12 = -34*c + 30*c. Suppose -3*k + 2*g - 13 = 0, -c*g = 5*k - 2*g. Calculate q(k).
6
Let p(m) be the second derivative of -m**3 + 0 + 5/2*m**2 + 1/6*m**4 + 23*m. Give p(4).
13
Suppose -3*v - 2*v + 2 = 2*c, -5*c + 63 = -2*v. Let r(z) = -5*z**3 - 2*z - c + 6*z**2 + 6*z**3 + 5. What is r(-6)?
6
Let t(i) = 8*i**3 + 28*i**2 + i + 1. Let z(n) = 9*n**3 + 29*n**2 + n. Let g(j) = 7*t(j) - 6*z(j). Give g(-11).
-4
Let k(g) = 3*g**2 + 8*g - 1. Let i(f) = 7*f**2 + 17*f - 4. Let p(s) = -2*i(s) + 5*k(s). Calculate p(-6).
3
Let b(i) be the third derivative of i**4/6 - 20*i**2. What is b(-5)?
-20
Let c(a) = -a + 2. Let s(p) = p**3 + 7*p**2 - 8*p - 11. Let x be s(-8). Let b be (-79)/x - (-22)/(-121). Suppose 0 = 2*m - b - 1. Determine c(m).
-2
Suppose -2*t + 58 - 3 = -5*a, t + a - 10 = 0. Let r(q) = -q. Give r(t).
-15
Let v(z) = -z + 13. Let n(a) = -a**2 - 13*a + 39. Let t be n(-9). Let c = t + -75. Determine v(c).
13
Let b(w) be the third derivative of w**6/120 + w**5/15 + w**4/12 - w**3/3 - 13*w**2 + 3. What is b(-4)?
-10
Let w(l) = -l**2 - 9*l - 6. Let y be -2 + (-1)/1 - 5. Let n be w(y). Suppose -n*k - 3*k = 0. Let i(u) = u**2 - u - 8. Determine i(k).
-8
Let x(w) = -3*w - 8. Suppose 4*j - 3*v + 20 = v, 0 = 2*j + 2*v - 10. Suppose 10 = -5*d - j, -2*a + 3*d = -10. Let p = -8 + a. What is x(p)?
10
Let x(r) be the first derivative of 1/30*r**5 + 0*r + 6 - 1/2*r**3 + 0*r**4 + 5/2*r**2. Let w(u) be the second derivative of x(u). What is w(3)?
15
Let p(n) = n**2 + 8*n. Let v(r) = 2*r**2 + 22*r + 14. Let u be v(-10). Let h = 3 - 1. Let k be h*u*5/10. Determine p(k).
-12
Let h(z) = -z**3 + 7*z**2 - 6*z + 2. Let g(b) = b + 11. Let p be g(-13). Let q be 3 + p - (-1 + -1). Suppose 20 = 4*r - 9*r, q*a - 38 = 5*r. Give h(a).
2
Let s(m) = 3*m - 7. Let t(j) = 5*j - 9. Let r(y) = -6*s(y) + 5*t(y). Calculate r(2).
11
Let w(j) = j**3 + 2*j**2 - j - 2. Suppose -2 + 14 = -4*z - f, 5*z + 15 = -4*f. Determine w(z).
-8
Let n(h) = -3*h**3 - 4*h**2 - 22*h - 4. Let q(s) = -s**3 - 3*s - 1. Let l(p) = n(p) - 4*q(p). What is l(6)?
12
Let m(w) = w**2 + 2*w - 3. Let d be m(2). Suppose -4*o + 20 = 8. Let a(p) = 2*p - o + 0 + p**2 - 2*p**2 + 4*p. Give a(d).
2
Let m(d) = -5*d + 3. Suppose r + 2 = a, -5*a - 2 = -4*r - 9. Give m(a).
8
Let b(d) be the third derivative of 5*d**4/24 + 19*d**3/6 - 58*d**2 - 3*d. What is b(-5)?
-6
Let j(w) = w**3 + 5*w**2 + w. Let g = 1 + 9. Suppose -13*t - g - 55 = 0. What is j(t)?
-5
Let g(a) be the second derivative of a**3/6 + 2*a. Let h(s) = s**3 + 3*s**2 + 3*s - 4. Let d(z) = -2*g(z) + h(z). Give d(-3).
-7
Let t be 2 + 2/4 + 42/28. Let g(r) be the third derivative of -1/8*r**4 - 1/60*r**5 + t*r**2 + 0 + 0*r + 1/2*r**3. Give g(-4).
-1
Let b(j) = j**2 + 8*j + 12. Suppose -5*t + 2*r - 20 - 3 = 0, -t = -5*r. What is b(t)?
-3
Let u(w) be the third derivative of w**4/8 - 5*w**3/6 - 3*w**2 + 99*w. What is u(9)?
22
Let w be (2 -